) = r**3 + 6 - 4*r**3 + o*r**3 + 5*r**2 - 4*r. Calculate m(p).
6
Let n(s) = s**3 - 10*s**2 + 7*s - 25. Let b be n(10). Let a = b + -35. Let u(m) = 2*m - 14. Determine u(a).
6
Let z(t) be the first derivative of t**4/4 - t**3/3 - t**2/2 - t + 12. Determine z(2).
1
Let q(b) be the second derivative of -1/6*b**4 - 1/6*b**3 + 0*b**2 - 18*b + 0. Give q(1).
-3
Let q(a) = -a**3 - 7*a**2 - 3*a + 7. Let w = -162 - -156. Determine q(w).
-11
Let p(b) = 7*b**3 - 2*b**2 + 1. Let h be (-4)/(-4) + (-3)/(-3) + -2. Suppose h = -4*k, -4*f - 3 = -7*f - 4*k. Calculate p(f).
6
Let v(g) = 13*g + 5. Suppose -4*c + 2 = 5*s, -4*c = 3*s + 8 - 6. What is v(c)?
-21
Let c(x) be the second derivative of -x**4/12 + 3*x**3/2 - 3*x**2 - 6*x. Let r be c(7). Let d be (1 + 1)*4/r. Let t(v) = -10*v - 1. Give t(d).
-11
Let c(s) = s. Let n(b) = 2*b. Let j(k) = -7*c(k) + 4*n(k). Let z be j(-1). Let l(x) = -14*x**2 - x. What is l(z)?
-13
Let y(n) = n**2 - 6*n + 2. Let g(o) = 8 + 26 - 2*o + 3. Let x be g(16). What is y(x)?
-3
Let m(g) = -g**2 - 2*g - 2. Let j be m(-3). Suppose 7 = 2*t - 5. Let f(v) = v**3 - 1 - 2 - 3 + t*v**2 + 5*v + 3. Determine f(j).
-3
Let b(i) = -34 + 2*i + 5*i - 5*i. Let l be b(17). Let x(r) = r**2 + 19. What is x(l)?
19
Let j(n) = n - 4*n + 1 + 5*n. Let z(g) = g**2 + 3*g - 32. Let d be z(0). Let p = -33 - d. Calculate j(p).
-1
Let r(j) = -5*j**2 + 45*j - 12. Let m(c) = c**2 - 11*c + 3. Let o(t) = -t**3 + 7*t**2 + t - 16. Let w be o(7). Let y(u) = w*m(u) - 2*r(u). Determine y(-4).
-23
Let t(u) = -15*u + 554*u**2 + 11*u - 546*u**2 + 6. Determine t(3).
66
Let r = -6 + 9. Let c(g) be the third derivative of g**4/12 - 2*g**3/3 + 113*g**2. Calculate c(r).
2
Suppose 0*g - 7 = -g. Suppose -2 + g = l. Suppose 5*i = -s - 18, -8*s - l*i - 30 = -3*s. Let z(p) = -7*p - 4. Calculate z(s).
17
Let g(m) = 1 - 5*m**3 - 7*m**3 - 2*m**2 + 23*m**3 + 2*m - 12*m**3 + m. Give g(-4).
21
Let o(k) = -3*k. Let m(u) = u**2 + u - 7. Let a be (-3)/((-2 + 0)/(-2)). Let w be m(a). Give o(w).
3
Let m be ((-14)/(-35))/(2/50). Let v(r) = -r + 6. Determine v(m).
-4
Suppose -42*x - 5*x - 47 = 0. Let r(h) = -21*h + 3. Calculate r(x).
24
Let a(d) = -d**2 - 8*d + 7. Let r(n) = -4*n - 7. Let t be r(-6). Let m = 17 - t. Suppose m = -4*q + 3*q - 9. Calculate a(q).
-2
Suppose 5*d + 3*w = -37, -d - 5*w + 21 = -3*d. Let c be ((-15)/(-30))/((-2)/d). Let q(m) = -7*m + 2. What is q(c)?
-12
Let d(w) = -w**2 - 41*w - 117. Let c be d(-38). Let p(q) = 3*q + 3. Give p(c).
-6
Let q(v) = 51*v - 195. Let d be q(4). Let x(a) = 3*a + 16. Let w(r) = -5*r - 31. Let t(z) = 4*w(z) + 7*x(z). Calculate t(d).
-3
Let r(c) = 2*c - 3*c + 29 - 40. Suppose 10 = 5*y - 20. Let t be -16 + y - 2/(-1). Determine r(t).
-3
Let u(b) be the first derivative of -b**3/3 - 12*b - 57. Calculate u(0).
-12
Let p = 55 + -23. Let q = p - 23. Let y(x) = 10*x - q*x - 1 + 0. What is y(3)?
2
Let y(w) be the second derivative of 19*w - 1/2*w**4 + 0*w**3 + 0*w**2 + 0. Suppose 2*z = -2*k - 12, 26 + 1 = -2*z - 5*k. Calculate y(z).
-6
Let s(h) be the third derivative of 5/6*h**3 - 1/24*h**4 + 8*h + 4*h**2 + 0. Determine s(7).
-2
Suppose n - 77 = -74. Let g(i) = 2*i**2 - i + 1. Determine g(n).
16
Let h be (20/(-25))/(6/(-45)*1). Let q(r) = 4*r - 6. Determine q(h).
18
Let l(a) = 3*a + 4. Suppose -2*s = -5 - 3, 5*s = -4*d + 80. Suppose -7 + d = -2*f. Give l(f).
-8
Let l be (8 + -132)/(2 + 10/(-4)). Let z(i) = 4*i - l + i + 244 + i**2. Determine z(-3).
-10
Let c(a) = -3*a**3 + 30*a**2 - 42*a - 39. Let j(b) = 2*b**3 - 20*b**2 + 30*b + 26. Let x(h) = -5*c(h) - 7*j(h). Calculate x(10).
13
Let s(l) = -l**3 + 3*l**2 - 2*l + 2. Let y be (-69)/(-21) - 2/7. Let g(h) = h**2 - 29*h - 68. Let i be g(31). Let w be (-16)/i + (-2)/y. Determine s(w).
2
Let d(g) be the first derivative of -2/3*g**3 - 1/4*g**4 - 3*g + 2*g**2 - 32. Determine d(2).
-11
Let b(c) = c - 2. Let k(p) = 6*p**2 - p - 1. Let s be k(-1). Let t be (12/(-8))/(s/16). Let q be 4/(-2)*t/(-2). Calculate b(q).
-6
Let n(g) = g**2 - 8*g + 5. Suppose 18*o = 19 + 71. Give n(o).
-10
Let d(g) = -9*g**3 - 32*g**2 - 8*g - 39. Let r(q) = 5*q**3 + 17*q**2 + 4*q + 20. Let o(j) = 6*d(j) + 11*r(j). Calculate o(6).
-2
Let s(p) = -p**2. Let l(d) = -d**2 - 7*d + 9. Let v be l(-8). Let a(x) = x**3 + 2*x**2 - 6*x + 5. Let j(u) = v*a(u) + 4*s(u). Calculate j(4).
13
Let o(g) = 2*g**2 + 23*g - 12. Let v(n) = n**2 + 11*n - 6. Let f(j) = 2*o(j) - 5*v(j). Give f(-7).
20
Let t(q) = -5*q - 1. Let p(w) = w + 1. Let c be (6/(-24))/(1/4). Let y(x) = c*t(x) - 6*p(x). Determine y(-6).
1
Let q(p) = -3*p + 8. Let u = 29 + -26. Suppose -4*n + 30 = 3*d, d = u*n - 0*n - 3. What is q(d)?
-10
Let q(f) = 5*f**2 - 4*f + 5. Let a(g) = 2*g**2 + g. Let l(i) = -3*a(i) + q(i). Suppose 6 = 5*k - 3*k. Let o = k - 11. Give l(o).
-3
Let x(w) be the second derivative of -w**5/20 - w**4 - 11*w**3/6 - 3*w**2 - 7*w - 8. Give x(-11).
-6
Let o(k) = -2*k. Let w be o(-3). Let b(d) = -d**3 + 19*d**2 - 3*d - 2. Let h(x) = 3*x**2 + x. Let j(m) = b(m) - 4*h(m). What is j(w)?
-8
Let a(w) = -3*w + 6. Let n be (-7)/(-14) + (-5)/10. Let d be a(n). Let f(v) = -2*v + 2. Determine f(d).
-10
Let s(l) = -117*l + 30*l**3 + 219*l + 1 - 103*l. Calculate s(1).
30
Let r(n) = -478 + 242 - 11*n + 240. Determine r(2).
-18
Suppose -3*b = -2*o + 5, -5*b + 1 - 8 = -3*o. Let s(t) = -t**2 + t**3 + 13*t**2 + 4 - 4*t**2 - o*t - 4*t**2. Calculate s(-5).
-1
Let t be 45*((-2)/10 - 3/(-3)). Suppose 0 = -t*v + 39*v + 9. Let p(o) = o**2 + 3*o + 1. Calculate p(v).
1
Let t(v) = 150*v**2 + 11 - 19*v - 73*v**2 + 19*v - 78*v**2. What is t(-5)?
-14
Let i be (-39)/12 + (-4)/(-16). Let h(p) = -6*p**3 + 3*p**2 + p + 2. Let u(v) = 7*v**3 - 4*v**2 - v - 3. Let a(t) = i*h(t) - 2*u(t). Give a(-1).
-4
Let d(n) = -20*n**2 + n + 1. Suppose 5*f = 3*f + 36. Let y be ((-2)/4)/(f/36). Calculate d(y).
-20
Let k(n) = -5 + 234*n + 2*n**2 - n**2 - 240*n. Calculate k(6).
-5
Let f(h) = h**3 + 2*h**2 + h. Suppose 3 + 1 = -2*r. Determine f(r).
-2
Let j be (-6)/(-3)*(-6)/4. Let n(s) be the third derivative of s**5/30 + s**4/8 - 2*s**3/3 - 14*s**2. Let a be n(j). Let x(c) = -c**2 + 5*c - 4. Calculate x(a).
-4
Let f(y) = -8 - 13*y**3 + 8 + y**2. Let d = 139 + -138. What is f(d)?
-12
Let q(v) = v. Suppose 0 = 2*z + 4*z - 90. Suppose -6 = 2*t, 3*t = -0*f + f - z. What is q(f)?
6
Let k be (-15 - -13)/((-2)/(-6)). Let z(s) = -4*s - 7. What is z(k)?
17
Let l(p) = -p**3 + 8*p**2 + 8*p. Let x(u) = -3*u**3 + 22*u**2 + 23*u - 1. Let z(y) = -11*l(y) + 4*x(y). Give z(3).
-19
Let f(o) = -3*o**3 - 9*o**2 - 8*o + 2. Let y(x) = -7*x**3 - 20*x**2 - 17*x + 5. Let k(t) = 5*f(t) - 2*y(t). Calculate k(-4).
8
Let h = 1086 - 1076. Let t(g) = g**2 - 12*g + 14. Calculate t(h).
-6
Let h(z) be the second derivative of 2*z**5/5 + z**4/12 - z**3/2 - z**2/2 + z - 106. Calculate h(-2).
-55
Let a(j) = -j**3 - 7*j**2 + 8*j + 6. Let s be a(-8). Let y(n) = 2*n**3 - 13*n**2 + 6*n + 1. Determine y(s).
1
Let u(y) = -y**2 - 2*y + 1. Let q(m) = -3*m**2 - 5*m + 2. Let s(a) = -4*q(a) + 11*u(a). Let v(t) = t**3 - 30*t**2 + 55*t + 30. Let d be v(28). What is s(d)?
3
Let o(k) = 8*k. Let g = 79 - 52. Suppose 5*y + g = -3*b - 0*b, 3*y = 5*b + 11. Let d(u) = -15*u - 1. Let i(p) = y*d(p) - 5*o(p). Calculate i(-2).
-7
Let q(m) = 7*m**2 - 12*m + 8. Let a(z) = -3*z**2 + 6*z - 4. Suppose -t - 14 = 5*c - 39, -2*c - 2*t + 18 = 0. Let d(o) = c*q(o) + 9*a(o). Determine d(-6).
-4
Let y(q) = 75*q + 1 + 3*q**2 - 79*q - q**2 - q**2. What is y(8)?
33
Suppose 0*r - r = -3. Let s(u) = -4 + 0 - 420*u**3 - 3*u**2 + 421*u**3 - u. Determine s(r).
-7
Let n be 1*6*(-4)/6. Let x(g) be the first derivative of g**2/2 - 31. Determine x(n).
-4
Let o = 17 - 15. Let y(p) = -1 + 3 - 3 - o*p. Calculate y(3).
-7
Let u be -1 - 6/(10/5). Let z(b) = -4*b - 12. Give z(u).
4
Let t(v) be the second derivative of v**3/6 + 8*v - 4. Suppose -14 = 6*a + a. Give t(a).
-2
Let k(u) = -u + 26. Let y be k(-5). Suppose -y*f = -23*f - 40. Let h(j) = -6*j + 7. Let m(d) = d. Let o(w) = h(w) + 5*m(w). Determine o(f).
2
Let c(d) = 10*d - 2. Let m = 225 + -227. What is c(m)?
-22
Let l(i) = -6*i - 89. Let x(m) = -4*m - 59. Let c(w) = 5*l(w) - 8*x(w). Give c(-11).
5
Let p(x) = -3*x**2 + 10*x. Let d(g) be the third derivative of -g**5/60 - g**3/6 + 12*g**2. Let j(l) = -4*d(l) + p(l). Calculate j(-9).
-5
Let f(a) be the first deri